{"id":249,"date":"2022-03-02T16:35:09","date_gmt":"2022-03-02T16:35:09","guid":{"rendered":"http:\/\/www.villalantenystavat.fi\/?page_id=249"},"modified":"2026-02-18T15:21:02","modified_gmt":"2026-02-18T15:21:02","slug":"webinaarit","status":"publish","type":"page","link":"http:\/\/www.villalantenystavat.fi\/?page_id=249","title":{"rendered":"Webinaarit"},"content":{"rendered":"\n<p>Saavuttaaksemme puhujia ja osanottajia mahdollisimman laajalti pid\u00e4mme osa tilaisuuksistamme verkossa webinaareina. Webinaareista ja niihin ilmoittautumisesta tiedotetaan j\u00e4senkirjeess\u00e4, verkkosivuillamme sek\u00e4 Facebook-sivuillamme. Webinaarien aikataulu- ja sis\u00e4lt\u00f6tiedot l\u00f6ytyv\u00e4t sivuston Uutisista.<\/p>\n\n\n\n<p><strong>Ilmoittautuminen webinaareihin sihteerillemme osoitteeseen villalantenystavat@yahoo.com<\/strong>. Webinaareihin voi j\u00e4tt\u00e4\u00e4 my\u00f6s pysyv\u00e4n ilmoittautumisen.<\/p>\n\n\n\n<p>Alla on lista yhdistyksen j\u00e4rjest\u00e4mist\u00e4 webinaareista sek\u00e4 linkit saatavilla oleviin videotallenteisiin. P\u00e4ivit\u00e4mme linkkej\u00e4 tallenteisiin kes\u00e4n 2025 aikana.<\/p>\n\n\n\n<p><strong>Webinaarit 2026<\/strong><\/p>\n\n\n\n<p><\/p>\n\n\n\n<p><strong>Roomasta maailman \u00e4\u00e4riin: Globaali katolisuus t\u00e4n\u00e4\u00e4n<\/strong><br><em>keskiviikkona 20.5.2026<\/em> <em>klo 18.00 alkaen<\/em><br>Petra Kuivala, Mikko Ketola, Jyri Komulainen  Ville Vuolanto is\u00e4nn\u00f6i.<\/p>\n\n\n\n<p><strong>Mare Nostrum &#8211; yst\u00e4v\u00e4yhdistysten yhteinen esitelm\u00e4tilaisuus<\/strong><br><em>keskiviikkona 15.4.2026 klo 18.00 alkaen<\/em>.<\/p>\n\n\n\n<p><strong>Kielenk\u00e4ytt\u00f6\u00e4 eri konteksteissa &#8211; latinan genret m\u00e4\u00e4r\u00e4llisen tutkimuksen kohteena<\/strong><br><em>maanantaina 23.3.2026 klo 17.45-18:30<\/em><br>Puhujana yhdistyksen stipendiaatti Hanna-Mari Kupari<br>Webinaari aloitetaan Zoomissa kun Oodissa j\u00e4rjestett\u00e4v\u00e4 vuosikokous on p\u00e4\u00e4ttynyt. Esityst\u00e4 voi seurata my\u00f6s Oodissa.<br><br><strong>Taide el\u00e4v\u00e4n\u00e4 kokemuksena Italiassa<\/strong><br><em>torstaina 26.2.2026 klo 18 alkaen<\/em><br>Eija Tarkiainen on suomalainen kulttuuritoimija, joka on asunut Italiassa pitk\u00e4\u00e4n. H\u00e4n tuo esiin havaintoja, jotka voivat auttaa sanoittamaan ja tunnistamaan tuttua kauneuden kokemusta, joka monilta j\u00e4\u00e4 kuitenkin usein nime\u00e4m\u00e4tt\u00e4.<br><br><\/p>\n\n\n\n<p><strong>Kulttuuriperint\u00f6, renessanssi ja&nbsp;Villa&nbsp;Lanten&nbsp;remontti<\/strong><\/p>\n\n\n\n<p>14.1. klo 18&nbsp;arkkitehti, tekniikan tohtori Iida Kalakoski ja Aalto-yliopiston apulaisprofessori Panu Savolainen kertovat, mit\u00e4 parin vuoden aikana&nbsp;Villa&nbsp;Lantessa on tapahtunut.<\/p>\n\n\n\n<p><strong>Webinaarit 2025<\/strong><\/p>\n\n\n\n<p><strong>Kleopatra-viimeisen faaraon myytti \u2013webinaari marraskuussa<\/strong><\/p>\n\n\n\n<p><strong>ti 18.11. klo 18.00<\/strong><\/p>\n\n\n\n<p><strong>FT, dos. Jaakkojuhani Peltonen<\/strong>&nbsp;on profiloitunut Aleksanteri Suuri -tutkijana kansainv\u00e4lisess\u00e4 tiedeyhteis\u00f6ss\u00e4 ja perehtynyt historian k\u00e4ytt\u00f6\u00f6n antiikin maailmassa.<\/p>\n\n\n\n<p>H\u00e4nen tietokirjansa Kleopatra \u2013 viimeisen faaraon myytti, ilmestyi alkuvuodesta.<\/p>\n\n\n\n<p>Puoli vuosisataa ennen ajanlaskumme alkua Rooma kasvatti mahtiaan V\u00e4limeren ymp\u00e4rist\u00f6ss\u00e4. Lis\u00e4\u00e4 valtaa tasavallassa havitteli sotap\u00e4\u00e4llikk\u00f6&nbsp;<strong>Julius Caesar<\/strong>. Egyptin ikivanhan valtakunnan hovissa kamppaili asemastaan viimeiseksi j\u00e4\u00e4nyt faarao&nbsp;<strong>Kleopatra<\/strong>. N\u00e4m\u00e4 todistettavasti el\u00e4neet aikansa mahtihenkil\u00f6t tapasivat Aleksandriassa vuonna 48 eaa. Heid\u00e4n v\u00e4lilleen muodostui henkil\u00f6kohtainen suurvaltasuhde.<\/p>\n\n\n\n<p>Webinaaria em\u00e4nn\u00f6i Laura Nissin.<\/p>\n\n\n\n<p><\/p>\n\n\n\n<p><strong>Joulukuun webinaari&nbsp;&nbsp;4.12.<\/strong><\/p>\n\n\n\n<p>Joulukuussa j\u00e4rjestet\u00e4\u00e4n viel\u00e4 yksi webinaari: 4.12.2025 klo 18<\/p>\n\n\n\n<p>Aiheena on Maria Jokelan ja Joonas Vanhalan kirja: Caesar \u2013 Rooman diktaattorin monet kasvot.<\/p>\n\n\n\n<p>Teos esittelee Caesarin paitsi tyrannisena ja vallananastajana, my\u00f6s sotap\u00e4\u00e4llikk\u00f6n\u00e4, kirjailijana ja kiinnostavana persoonana. Kirja syventyy my\u00f6s laajemmin aikakauden roomalaiseen yhteiskuntaan, kulttuuriin ja Caesarin vaikutukseen my\u00f6hempin\u00e4 vuosisatoina, ja se luo yhtym\u00e4kohtia nykyaikaan politiikan ja propagandan kautta<\/p>\n\n\n\n<p>Keskustelua Caesarista ja Caesaria k\u00e4sittelev\u00e4st\u00e4 kirjasta johtaa Elina Pyy.<\/p>\n\n\n\n<p><strong>TOUKOKUU 22.5. klo 18 Antti Lahelma: Sivilisaation oudot juuret<\/strong><\/p>\n\n\n\n<p><a href=\"https:\/\/sihteeri.kuvat.fi\/i\/Hvm4uAaF9D8GPxTcgBVz5EZn6hfewyjb\">https:\/\/sihteeri.kuvat.fi\/i\/Hvm4uAaF9D8GPxTcgBVz5EZn6hfewyjb<\/a><\/p>\n\n\n\n<p>MAALISKUU Maria Jokela: Rooman meritaistelun\u00e4yt\u00f6kset \u2013 Caesarin altaasta Hollywoodiin<\/p>\n\n\n\n<p>HELMIKUU 19.2. klo 18.00 Joonas Kananen: Jalkapallon eletyt tilat fasismin aikakauden Italiassa<\/p>\n\n\n\n<p><a href=\"https:\/\/sihteeri.kuvat.fi\/i\/ADcztfkp7RxFTba3uEHN6mKh2v8XBdwQ\">https:\/\/sihteeri.kuvat.fi\/i\/ADcztfkp7RxFTba3uEHN6mKh2v8XBdwQ<\/a><\/p>\n\n\n\n<p><strong>Webinaarit 2024<\/strong><\/p>\n\n\n\n<p>JOULUKUU 12.12. Tuomo Nuorluoto: Tunteet kaiverrettuna kiveen: Piirtokirjoitukset ja roomalainen tunnehistoria<\/p>\n\n\n\n<p><a href=\"https:\/\/sihteeri.kuvat.fi\/i\/fneYBk2ujAd9QzrN7ZmwtvWHUVgXDPqJ\">https:\/\/sihteeri.kuvat.fi\/i\/fneYBk2ujAd9QzrN7ZmwtvWHUVgXDPqJ<\/a><\/p>\n\n\n\n<p>MARRASKUU Marja-Leena H\u00e4nninen: Antiikin naiset<\/p>\n\n\n\n<p><a href=\"https:\/\/sihteeri.kuvat.fi\/i\/K6ujJwfVP73agmFbdB8xAzC4ykSTEMDG\">https:\/\/sihteeri.kuvat.fi\/i\/K6ujJwfVP73agmFbdB8xAzC4ykSTEMDG<\/a><\/p>\n\n\n\n<p>LOKAKUU 23.10. Antiikki ja me \u2013 Miksi antiikintutkimusta tarvitaan<br>Keskustelussa: Ville Vuolanto, Samuli Simelius ja Elina Pyy<\/p>\n\n\n\n<p><a href=\"https:\/\/sihteeri.kuvat.fi\/i\/r3uZHKQAaDB7WypRxjYJF9qCvEPcwgGb\">https:\/\/sihteeri.kuvat.fi\/i\/r3uZHKQAaDB7WypRxjYJF9qCvEPcwgGb<\/a><\/p>\n\n\n\n<p>SYYSKUU 26.9. Ida Laur\u00e9n: Juutalaisuus ja roomalaisuus \u2013 Annian tarina <\/p>\n\n\n\n<p><a href=\"https:\/\/sihteeri.kuvat.fi\/i\/X4vnWpDeJEGKaVm5wNxTRM3SsYH8dyQB\">https:\/\/sihteeri.kuvat.fi\/i\/X4vnWpDeJEGKaVm5wNxTRM3SsYH8dyQB<\/a><\/p>\n\n\n\n<p>TOUKOKUU 9.5. Minun Italiani -sarja jatkuu: Andreo Larsen &amp; Simo \u00d6rm\u00e4<\/p>\n\n\n\n<p>MAALISKUU 4.3. Anu Kaisa Koponen &amp; Merja Salonen Di Giorgio: Roihupelto\u2013Pompeji -maalaussarjan teemat<\/p>\n\n\n\n<p>TAMMIKUU 25.1. Joonas Vanhala: Antiikin graffitit (haastattelijana Elina Pyy)<\/p>\n\n\n\n<p><strong>Webinaarit 2023<\/strong><\/p>\n\n\n\n<p>JOULUKUU Sari Kivist\u00f6: Kadonneet kirjallisuuden lajit<\/p>\n\n\n\n<p>MARRASKUU 9.11. Ville Vuolanto: Nuoruus antiikin Roomassa<\/p>\n\n\n\n<p>LOKAKUU FM Laura Nissin: Tiedeinstituutit<\/p>\n\n\n\n<p>SYYSKUU 28.9. Maijastina Kahlos: Taikakirja: Taikuus ja magia antiikin Roomassa ja Kreikassa<br>(Haastattelijat: Eeva Pitk\u00e4l\u00e4 ja Ville Vuolanto)<\/p>\n\n\n\n<p><a href=\"https:\/\/sihteeri.kuvat.fi\/i\/t74dSETmc95w3Uk2zCxZ8hAXYHj6DypJ\">https:\/\/sihteeri.kuvat.fi\/i\/t74dSETmc95w3Uk2zCxZ8hAXYHj6DypJ<\/a><\/p>\n\n\n\n<p>TOUKOKUU 10.5. K\u00e4velyll\u00e4 Roomassa nuorten tutkijoiden kanssa<\/p>\n\n\n\n<p>MAALISKUU FT Samuli Simelius: Pompeijin puutarhat<\/p>\n\n\n\n<p>TAMMIKUU 26.1. Ria Berg &amp; Simo \u00d6rm\u00e4: Kuka oli Nadine Helbig?<\/p>\n\n\n\n<p><strong>Webinaarit 2022<\/strong><\/p>\n\n\n\n<p>JOULUKUU 8.12. Ria Berg: Antiikin luontoilta \u2013 roomalaisten luontosuhde<\/p>\n\n\n\n<p><a href=\"https:\/\/sihteeri.kuvat.fi\/i\/BaJdU28ADPtn3ZVXyjgbG6S9wTeEkqRh\">https:\/\/sihteeri.kuvat.fi\/i\/BaJdU28ADPtn3ZVXyjgbG6S9wTeEkqRh<\/a><\/p>\n\n\n\n<p>LOKAKUU Mikko Myllykoski &amp; Jaakko Heinim\u00e4ki: Minun Roomani<\/p>\n\n\n\n<p>SYYSKUU 13.9. Outi Kaltio: Suomen vanhin kirja<br>(Haastattelijana Laura Nissin)<\/p>\n\n\n\n<p>TOUKOKUU 13.5. Nemo Rossina, Mika Rissanen &amp; Juha Tahvanainen: Arkeomysteerit<br>(Haastattelija Eeva Pitk\u00e4l\u00e4)<\/p>\n\n\n\n<p>MAALISKUU 26.4. Marja-Leena H\u00e4nninen: Mare Nostrum \u2013 Rooman myyttiset juuret \u2013 pakolaisuus ja kansojen kohtaamiset<\/p>\n\n\n\n<p>HUHTIKUU 12.4. Laura Nissin &amp; Kirsi Vikman: Keskiaikaisten k\u00e4sikirjoitusten likaiset sormenj\u00e4ljet ja tunkioiden tiedonmuruset<\/p>\n\n\n\n<p>MAALISKUU 31.3. Jorma Kaimio: Etruskien vuosisata<\/p>\n\n\n\n<p>HELMIKUU 24.2. Risto Nordell &amp; Antti Kruus: Rooman pyh\u00e4t paikat<\/p>\n\n\n\n<p><strong>Webinaarit 2021<\/strong><\/p>\n\n\n\n<p class=\"has-text-align-left\">HELMIKUU 17.2<strong>.<\/strong> Elina Pyy: Sukupuoli ja v\u00e4kivalta antiikin mytologiassa <a href=\"https:\/\/sihteeri.kuvat.fi\/kuvat\/VLY\/Elina_Pyy_2021\/?pw=Villalantenyst\u00e4v\u00e4try\">https:\/\/sihteeri.kuvat.fi\/kuvat\/VLY\/Elina_Pyy_2021\/?pw=Villalantenyst\u00e4v\u00e4try<\/a><\/p>\n\n\n\n<p>MAALISKUU 18.3.<\/p>\n\n\n\n<p>Katariina Mustakallio: Ostia ja monikulttuurisuus<br><a href=\"https:\/\/sihteeri.kuvat.fi\/i\/7nxzD3RZrYCcJdgweQuMpXvqEHSyUW8V\">https:\/\/sihteeri.kuvat.fi\/i\/7nxzD3RZrYCcJdgweQuMpXvqEHSyUW8V<\/a><\/p>\n","protected":false},"excerpt":{"rendered":"<p>Saavuttaaksemme puhujia ja osanottajia mahdollisimman laajalti pid\u00e4mme osa tilaisuuksistamme verkossa webinaareina. Webinaareista ja niihin ilmoittautumisesta tiedotetaan j\u00e4senkirjeess\u00e4, verkkosivuillamme sek\u00e4 Facebook-sivuillamme. Webinaarien aikataulu- ja sis\u00e4lt\u00f6tiedot l\u00f6ytyv\u00e4t sivuston Uutisista. Ilmoittautuminen webinaareihin sihteerillemme osoitteeseen villalantenystavat@yahoo.com. Webinaareihin voi j\u00e4tt\u00e4\u00e4 my\u00f6s pysyv\u00e4n ilmoittautumisen. Alla on lista yhdistyksen j\u00e4rjest\u00e4mist\u00e4 webinaareista sek\u00e4 linkit saatavilla oleviin videotallenteisiin. P\u00e4ivit\u00e4mme linkkej\u00e4 tallenteisiin kes\u00e4n 2025 aikana. Webinaarit 2026 Roomasta maailman \u00e4\u00e4riin: Globaali katolisuus t\u00e4n\u00e4\u00e4nkeskiviikkona 20.5.2026 klo 18.00 alkaenPetra Kuivala, Mikko Ketola, Jyri Komulainen Ville Vuolanto is\u00e4nn\u00f6i. Mare Nostrum &#8211; yst\u00e4v\u00e4yhdistysten yhteinen esitelm\u00e4tilaisuuskeskiviikkona 15.4.2026 klo 18.00 alkaen. Kielenk\u00e4ytt\u00f6\u00e4 eri konteksteissa &#8211; latinan genret m\u00e4\u00e4r\u00e4llisen tutkimuksen kohteenamaanantaina 23.3.2026 klo 17.45-18:30Puhujana yhdistyksen stipendiaatti Hanna-Mari KupariWebinaari aloitetaan Zoomissa kun Oodissa j\u00e4rjestett\u00e4v\u00e4 vuosikokous on p\u00e4\u00e4ttynyt. Esityst\u00e4 voi seurata my\u00f6s Oodissa. Taide el\u00e4v\u00e4n\u00e4 kokemuksena Italiassatorstaina 26.2.2026 klo 18 alkaenEija Tarkiainen on suomalainen kulttuuritoimija, joka on asunut Italiassa pitk\u00e4\u00e4n. H\u00e4n tuo esiin havaintoja, jotka voivat auttaa sanoittamaan ja tunnistamaan tuttua kauneuden kokemusta, joka monilta j\u00e4\u00e4 kuitenkin usein nime\u00e4m\u00e4tt\u00e4. Kulttuuriperint\u00f6, renessanssi ja&nbsp;Villa&nbsp;Lanten&nbsp;remontti 14.1. klo 18&nbsp;arkkitehti, tekniikan tohtori Iida Kalakoski ja Aalto-yliopiston apulaisprofessori Panu Savolainen kertovat, mit\u00e4 parin vuoden aikana&nbsp;Villa&nbsp;Lantessa on tapahtunut. Webinaarit 2025 Kleopatra-viimeisen faaraon myytti \u2013webinaari marraskuussa ti 18.11. klo 18.00 FT, dos. Jaakkojuhani Peltonen&nbsp;on profiloitunut Aleksanteri Suuri -tutkijana kansainv\u00e4lisess\u00e4 tiedeyhteis\u00f6ss\u00e4 ja perehtynyt historian k\u00e4ytt\u00f6\u00f6n antiikin maailmassa. H\u00e4nen tietokirjansa Kleopatra \u2013 viimeisen faaraon myytti, ilmestyi alkuvuodesta. Puoli vuosisataa ennen ajanlaskumme alkua Rooma kasvatti mahtiaan V\u00e4limeren ymp\u00e4rist\u00f6ss\u00e4. Lis\u00e4\u00e4 valtaa tasavallassa havitteli sotap\u00e4\u00e4llikk\u00f6&nbsp;Julius Caesar. Egyptin ikivanhan valtakunnan hovissa kamppaili asemastaan viimeiseksi j\u00e4\u00e4nyt faarao&nbsp;Kleopatra. N\u00e4m\u00e4 todistettavasti el\u00e4neet aikansa mahtihenkil\u00f6t tapasivat Aleksandriassa vuonna 48 eaa. Heid\u00e4n v\u00e4lilleen muodostui henkil\u00f6kohtainen suurvaltasuhde. Webinaaria em\u00e4nn\u00f6i Laura Nissin. Joulukuun webinaari&nbsp;&nbsp;4.12. Joulukuussa j\u00e4rjestet\u00e4\u00e4n viel\u00e4 yksi webinaari: 4.12.2025 klo 18 Aiheena on Maria Jokelan ja Joonas Vanhalan kirja: Caesar \u2013 Rooman diktaattorin monet kasvot. Teos esittelee Caesarin paitsi tyrannisena ja vallananastajana, my\u00f6s sotap\u00e4\u00e4llikk\u00f6n\u00e4, kirjailijana ja kiinnostavana persoonana. Kirja syventyy my\u00f6s laajemmin aikakauden roomalaiseen yhteiskuntaan, kulttuuriin ja Caesarin vaikutukseen my\u00f6hempin\u00e4 vuosisatoina, ja se luo yhtym\u00e4kohtia nykyaikaan politiikan ja propagandan kautta Keskustelua Caesarista ja Caesaria k\u00e4sittelev\u00e4st\u00e4 kirjasta johtaa Elina Pyy. TOUKOKUU 22.5. klo 18 Antti Lahelma: Sivilisaation oudot juuret https:\/\/sihteeri.kuvat.fi\/i\/Hvm4uAaF9D8GPxTcgBVz5EZn6hfewyjb MAALISKUU Maria Jokela: Rooman meritaistelun\u00e4yt\u00f6kset \u2013 Caesarin altaasta Hollywoodiin HELMIKUU 19.2. klo 18.00 Joonas Kananen: Jalkapallon eletyt tilat fasismin aikakauden Italiassa https:\/\/sihteeri.kuvat.fi\/i\/ADcztfkp7RxFTba3uEHN6mKh2v8XBdwQ Webinaarit 2024 JOULUKUU 12.12. Tuomo Nuorluoto: Tunteet kaiverrettuna kiveen: Piirtokirjoitukset ja roomalainen tunnehistoria https:\/\/sihteeri.kuvat.fi\/i\/fneYBk2ujAd9QzrN7ZmwtvWHUVgXDPqJ MARRASKUU Marja-Leena H\u00e4nninen: Antiikin naiset https:\/\/sihteeri.kuvat.fi\/i\/K6ujJwfVP73agmFbdB8xAzC4ykSTEMDG LOKAKUU 23.10. Antiikki ja me \u2013 Miksi antiikintutkimusta tarvitaanKeskustelussa: Ville Vuolanto, Samuli Simelius ja Elina Pyy https:\/\/sihteeri.kuvat.fi\/i\/r3uZHKQAaDB7WypRxjYJF9qCvEPcwgGb SYYSKUU 26.9. Ida Laur\u00e9n: Juutalaisuus ja roomalaisuus \u2013 Annian tarina https:\/\/sihteeri.kuvat.fi\/i\/X4vnWpDeJEGKaVm5wNxTRM3SsYH8dyQB TOUKOKUU 9.5. Minun Italiani -sarja jatkuu: Andreo Larsen &amp; Simo \u00d6rm\u00e4 MAALISKUU 4.3. Anu Kaisa Koponen &amp; Merja Salonen Di Giorgio: Roihupelto\u2013Pompeji -maalaussarjan teemat TAMMIKUU 25.1. Joonas Vanhala: Antiikin graffitit (haastattelijana Elina Pyy) Webinaarit 2023 JOULUKUU Sari Kivist\u00f6: Kadonneet kirjallisuuden lajit MARRASKUU 9.11. Ville Vuolanto: Nuoruus antiikin Roomassa LOKAKUU FM Laura Nissin: Tiedeinstituutit SYYSKUU 28.9. Maijastina Kahlos: Taikakirja: Taikuus ja magia antiikin Roomassa ja Kreikassa(Haastattelijat: Eeva Pitk\u00e4l\u00e4 ja Ville Vuolanto) https:\/\/sihteeri.kuvat.fi\/i\/t74dSETmc95w3Uk2zCxZ8hAXYHj6DypJ TOUKOKUU 10.5. K\u00e4velyll\u00e4 Roomassa nuorten tutkijoiden kanssa MAALISKUU FT Samuli Simelius: Pompeijin puutarhat TAMMIKUU 26.1. Ria Berg &amp; Simo \u00d6rm\u00e4: Kuka oli Nadine Helbig? Webinaarit 2022 JOULUKUU 8.12. Ria Berg: Antiikin luontoilta \u2013 roomalaisten luontosuhde https:\/\/sihteeri.kuvat.fi\/i\/BaJdU28ADPtn3ZVXyjgbG6S9wTeEkqRh LOKAKUU Mikko Myllykoski &amp; Jaakko Heinim\u00e4ki: Minun Roomani SYYSKUU 13.9. Outi Kaltio: Suomen vanhin kirja(Haastattelijana Laura Nissin) TOUKOKUU 13.5. Nemo Rossina, Mika Rissanen &amp; Juha Tahvanainen: Arkeomysteerit(Haastattelija Eeva Pitk\u00e4l\u00e4) MAALISKUU 26.4. Marja-Leena H\u00e4nninen: Mare Nostrum \u2013 Rooman myyttiset juuret \u2013 pakolaisuus ja kansojen kohtaamiset HUHTIKUU 12.4. Laura Nissin &amp; Kirsi Vikman: Keskiaikaisten k\u00e4sikirjoitusten likaiset sormenj\u00e4ljet ja tunkioiden tiedonmuruset MAALISKUU 31.3. Jorma Kaimio: Etruskien vuosisata HELMIKUU 24.2. Risto Nordell &amp; Antti Kruus: Rooman pyh\u00e4t paikat Webinaarit 2021 HELMIKUU 17.2. Elina Pyy: Sukupuoli ja v\u00e4kivalta antiikin mytologiassa https:\/\/sihteeri.kuvat.fi\/kuvat\/VLY\/Elina_Pyy_2021\/?pw=Villalantenyst\u00e4v\u00e4try MAALISKUU 18.3. Katariina Mustakallio: Ostia ja monikulttuurisuushttps:\/\/sihteeri.kuvat.fi\/i\/7nxzD3RZrYCcJdgweQuMpXvqEHSyUW8V<\/p>\n","protected":false},"author":1,"featured_media":1008,"parent":0,"menu_order":0,"comment_status":"closed","ping_status":"closed","template":"","meta":{"footnotes":""},"class_list":["post-249","page","type-page","status-publish","has-post-thumbnail","hentry"],"_links":{"self":[{"href":"http:\/\/www.villalantenystavat.fi\/index.php?rest_route=\/wp\/v2\/pages\/249","targetHints":{"allow":["GET"]}}],"collection":[{"href":"http:\/\/www.villalantenystavat.fi\/index.php?rest_route=\/wp\/v2\/pages"}],"about":[{"href":"http:\/\/www.villalantenystavat.fi\/index.php?rest_route=\/wp\/v2\/types\/page"}],"author":[{"embeddable":true,"href":"http:\/\/www.villalantenystavat.fi\/index.php?rest_route=\/wp\/v2\/users\/1"}],"replies":[{"embeddable":true,"href":"http:\/\/www.villalantenystavat.fi\/index.php?rest_route=%2Fwp%2Fv2%2Fcomments&post=249"}],"version-history":[{"count":118,"href":"http:\/\/www.villalantenystavat.fi\/index.php?rest_route=\/wp\/v2\/pages\/249\/revisions"}],"predecessor-version":[{"id":1143,"href":"http:\/\/www.villalantenystavat.fi\/index.php?rest_route=\/wp\/v2\/pages\/249\/revisions\/1143"}],"wp:featuredmedia":[{"embeddable":true,"href":"http:\/\/www.villalantenystavat.fi\/index.php?rest_route=\/wp\/v2\/media\/1008"}],"wp:attachment":[{"href":"http:\/\/www.villalantenystavat.fi\/index.php?rest_route=%2Fwp%2Fv2%2Fmedia&parent=249"}],"curies":[{"name":"wp","href":"https:\/\/api.w.org\/{rel}","templated":true}]}}